mber?
False
Is 2927446897 a composite number?
False
Is 1175803913 prime?
True
Is 193689715 composite?
True
Is 961308242 a composite number?
True
Is 24900805 prime?
False
Is 24228943471 prime?
True
Is 20187239087 a composite number?
False
Is 977391221 a composite number?
True
Is 2971450513 prime?
True
Is 4400042329 a prime number?
False
Is 1204167709 a prime number?
True
Is 29960857753 a composite number?
False
Is 74908038847 a composite number?
False
Is 2156651309 a prime number?
False
Is 146423611717 a prime number?
False
Is 1212229537 composite?
False
Is 26697189631 a composite number?
True
Is 7920736477 a prime number?
True
Is 271971653 prime?
True
Is 6703169 a composite number?
True
Is 1555272947 composite?
True
Is 4918075521 a prime number?
False
Is 3587349379 prime?
False
Is 23907048031 a prime number?
False
Is 909231241 a composite number?
True
Is 26142536285 a prime number?
False
Is 552598867 a composite number?
False
Is 671111393 composite?
True
Is 668855237 composite?
False
Is 36156699181 a composite number?
False
Is 318510817 a composite number?
True
Is 2791879397 a prime number?
False
Is 1322612503 composite?
False
Is 398533049 composite?
True
Is 1170230791 a composite number?
False
Is 522777811 a prime number?
False
Is 13689335489 prime?
True
Is 22506145573 a composite number?
True
Is 14012634059 a composite number?
True
Is 3757960383 a composite number?
True
Is 1210422511 a composite number?
False
Is 17347023217 prime?
False
Is 29885499881 a prime number?
False
Is 17766568669 a prime number?
False
Is 609043321 composite?
True
Is 653035627 a prime number?
True
Is 1556009095 a composite number?
True
Is 52253262309 a prime number?
False
Is 711561083 a prime number?
False
Is 149715664301 a composite number?
True
Is 23441855113 a prime number?
True
Is 6052944389 a composite number?
False
Is 3488948849 a prime number?
False
Is 3741400849 prime?
True
Is 59201429137 prime?
True
Is 33518195819 a composite number?
False
Is 7813306297 a composite number?
False
Is 1337858021 a composite number?
False
Is 4278572549 composite?
False
Is 27863121119 a composite number?
False
Is 5871150869 prime?
False
Is 504295003 a composite number?
False
Is 17610887429 a prime number?
False
Is 2400721603 composite?
True
Is 1792894303 a prime number?
True
Is 6756986113 composite?
True
Is 26431893577 a composite number?
False
Is 117689790769 composite?
False
Is 27747013117 a prime number?
False
Is 541422649 composite?
False
Is 122241921 prime?
False
Is 4137396779 prime?
True
Is 4501502167 a composite number?
False
Is 980652217 composite?
True
Is 173787329 composite?
False
Is 847565813 prime?
False
Is 92349282755 a prime number?
False
Is 8639231957 prime?
True
Is 3857365607 a prime number?
False
Is 775832741 a composite number?
False
Is 7460791595 a prime number?
False
Is 13542766037 a composite number?
False
Is 3160566895 composite?
True
Is 260551024823 a composite number?
True
Is 2544764071 a prime number?
False
Is 2720630369 a prime number?
True
Is 454346377 a composite number?
False
Is 2231159171 composite?
False
Is 80583091418 a composite number?
True
Is 1323702613 composite?
True
Is 61109159759 a prime number?
True
Is 30643935041 prime?
False
Is 234023285653 a composite number?
True
Is 128237257 a composite number?
False
Is 37623538742 prime?
False
Is 973518361 a composite number?
True
Is 130937752153 a prime number?
False
Is 114877857145 a composite number?
True
Is 2168956079 a composite number?
False
Is 19938434713 prime?
True
Is 767735909 a prime number?
True
Is 764045 prime?
False
Is 2133372974 prime?
False
Is 3410965381 prime?
False
Is 196346053 prime?
False
Is 6011859881 prime?
True
Is 6295324879 a composite number?
False
Is 1267294447 a composite number?
False
Is 3144636611 a prime number?
True
Is 38194910647 a prime number?
False
Is 101736127 a prime number?
False
Is 698366143 a prime number?
True
Is 241886926119 a prime number?
False
Is 10322930239 a prime number?
False
Is 1516413863 a prime number?
True
Is 329449291 composite?
True
Is 626560079 composite?
True
Is 5138581757 a composite number?
False
Is 254385763022 composite?
True
Is 4403539109 composite?
False
Is 12020810593 a prime number?
False
Is 2325936259 a composite number?
False
Is 259327437437 composite?
False
Is 172015405691 composite?
False
Is 260973789689 composite?
True
Is 7742788987 prime?
False
Is 1916643871 composite?
False
Is 73864151 a composite number?
False
Is 15512142511 a composite number?
True
Is 29933997997 composite?
True
Is 23769984983 a composite number?
False
Is 3511199203 a composite number?
True
Is 63747659 a composite number?
False
Is 53825386103 a prime number?
True
Is 637614077 a composite number?
True
Is 1509207127 prime?
False
Is 10235465833 a composite number?
False
Is 3467056799 a composite number?
True
Is 11413858207 a prime number?
False
Is 12969864881 a prime number?
True
Is 47558683 a composite number?
True
Is 40036438163 composite?
False
Is 610904181 a composite number?
True
Is 2663857723 a prime number?
False
Is 4267225381 prime?
True
Is 608980517 a prime number?
True
Is 33311631887 prime?
True
Is 5766734431 composite?
False
Is 6850751491 prime?
True
Is 29889233277 prime?
False
Is 27934967161 composite?
True
Is 8846791531 prime?
True
Is 155919201653 a composite number?
True
Is 1096531079 prime?
False
Is 177999313 prime?
False
Is 4938043897 a composite number?
False
Is 1346020499 prime?
False
Is 134908769 a composite number?
False
Is 8774093749 a composite number?
True
Is 758452423 prime?
False
Is 7331485955 prime?
False
Is 8093486729 a composite number?
False
Is 208810524227 prime?
True
Is 36765687137 composite?
True
Is 11115061861 composite?
True
Is 21981529291 a prime number?
False
Is 603106193 a composite number?
True
Is 1331706482 composite?
True
Is 1387191047 composite?
True
Is 543550039 a prime number?
False
Is 1570199083 prime?
False
Is 11948967973 a composite number?
True
Is 96280747361 a prime number?
False
Is 15054587759 composite?
False
Is 118706153 a composite number?
True
Is 481442419 a prime number?
False
Is 21992396249 composite?
True
Is 5975314409 composite?
True
Is 1776252983 composite?
False
Is 172582927 composite?
True
Is 65873077 a composite number?
False
Is 135754510499 a composite number?
True
Is 73039755119 composite?
False
Is 17077505079 prime?
False
Is 4279112366 a prime number?
False
Is 139293726179 composite?
True
Is 25413429889 a composite number?
False
Is 29971836317 composite?
False
Is 3616589051 a composite number?
False
Is 872634263 composite?
True
Is 2635429483 composite?
False
Is 948094703 a composite number?
False
Is 36424961233 prime?
False
Is 37608282671 composite?
True
Is 11699474713 composite?
True
Is 11868291877 a prime number?
False
Is 72174580201 a composite number?
False
Is 41726784399 a prime number?
False
Is 2334593315 prime?
False
Is 13784191817 a prime number?
False
Is 123512021761 composite?
True
Is 162052487 a composite number?
False
Is 6472208339 a prime number?
False
Is 47696849897 prime?
True
Is 37163772871 composite?
True
Is 6496413839 a prime number?
True
Is 4418382851 prime?
True
Is 50647492963 a composite number?
True
Is 13100578847 a composite number?
True
Is 44783009 composite?
True
Is 6223087249 composite?
True
Is 13248531329 a composite number?
True
Is 675640711 a composite number?
True
Is 1038623431 a composite number?
True
Is 10874130149 a prime number?
False
Is 5087390879 composite?
True
Is 7054351223 a prime number?
False
Is 33833650261 composite?
False
Is 3351192619 a prime number?
False
Is 37853491699 a composite number?
True
Is 30970133923 a composite number?
False
Is 67430619419 a composite number?
False
Is 1380788359 prime?
True
Is 85260947 a prime number?
False
Is 59470120261 prime?
False
Is 2101121571 composite?
True
Is 114241159897 composite?
False
Is 1242678215 composite?
True
Is 557459843 composite?
True
Is 42143211583 prime?
False
Is 523436428837 a composite number?
True
Is 499239361 composite?
False
Is 1509594157 a composite number?
False
Is 522053897 a composite number?
False
Is 1308894331 composite?
False
Is 2137811369 a composite number?
True
Is 2185322873 composite?
False
Is 4496706185 a prime number?
False
Is 2820748549 a prime number?
True
Is 14442193 composite?
True
Is